highest common divisor of 311 and 7775.
311
What is the highest common factor of 38077 and 1508?
377
Calculate the highest common divisor of 288114 and 1302.
186
What is the greatest common divisor of 83 and 128?
1
Calculate the greatest common divisor of 15141 and 515.
103
What is the greatest common divisor of 33435 and 180?
45
What is the highest common divisor of 2057462 and 110?
22
What is the highest common factor of 740 and 77108?
148
What is the highest common divisor of 24 and 22038?
6
Calculate the highest common divisor of 109540 and 860.
20
Calculate the highest common divisor of 359202 and 1572.
786
Calculate the highest common divisor of 86154 and 23489.
83
What is the greatest common factor of 468 and 29861?
13
What is the greatest common divisor of 16632 and 124488?
504
What is the greatest common divisor of 567423 and 3764?
941
What is the greatest common divisor of 160 and 4960?
160
What is the greatest common factor of 3984 and 972?
12
What is the greatest common divisor of 150 and 539880?
30
What is the greatest common factor of 8 and 106616?
8
Calculate the greatest common factor of 1096 and 712.
8
Calculate the highest common divisor of 232 and 236669.
29
What is the highest common factor of 1 and 23561?
1
What is the greatest common divisor of 177018 and 8802?
978
What is the highest common divisor of 1278 and 11244?
6
Calculate the highest common divisor of 87 and 2181.
3
What is the highest common factor of 30634 and 50864?
578
Calculate the greatest common factor of 4459 and 97069.
343
What is the highest common divisor of 290 and 617845?
145
Calculate the greatest common divisor of 91176 and 5800.
232
What is the greatest common factor of 17010 and 3024?
378
Calculate the greatest common divisor of 427942 and 74.
74
What is the highest common divisor of 12 and 2864?
4
What is the highest common divisor of 79 and 325243?
79
Calculate the greatest common divisor of 112 and 9688.
56
Calculate the highest common divisor of 1050 and 36050.
350
Calculate the greatest common divisor of 23300 and 40.
20
What is the highest common divisor of 415424 and 128?
64
What is the highest common divisor of 90 and 268440?
30
What is the greatest common divisor of 31581 and 9922?
121
Calculate the highest common factor of 76406 and 5346.
22
What is the highest common factor of 1377 and 47061?
81
What is the highest common factor of 45310 and 92?
46
What is the greatest common factor of 207 and 21969?
9
Calculate the highest common divisor of 45 and 38385.
45
Calculate the highest common factor of 110 and 47930.
10
Calculate the highest common factor of 237270 and 660.
330
What is the highest common divisor of 24 and 304242?
6
Calculate the highest common factor of 1085 and 27265.
35
What is the highest common divisor of 6450 and 1325?
25
Calculate the highest common factor of 304 and 6878.
38
Calculate the highest common factor of 49 and 20461.
7
Calculate the highest common factor of 15293 and 4103.
373
What is the greatest common divisor of 731 and 136?
17
Calculate the highest common factor of 32400 and 16.
16
What is the greatest common divisor of 882 and 1346?
2
Calculate the greatest common factor of 149 and 244658.
149
Calculate the greatest common factor of 10950 and 1022.
146
What is the greatest common divisor of 141599 and 356?
89
What is the highest common factor of 167105 and 1045?
95
Calculate the greatest common divisor of 225 and 20000.
25
Calculate the highest common factor of 10 and 6296.
2
Calculate the greatest common divisor of 63735 and 273.
21
Calculate the greatest common divisor of 5325 and 330.
15
What is the greatest common divisor of 2782 and 16264?
214
Calculate the highest common factor of 155 and 228811.
31
Calculate the highest common divisor of 8295 and 1896.
237
What is the greatest common factor of 20 and 209490?
10
What is the greatest common divisor of 34 and 4978144?
34
What is the highest common divisor of 30 and 3372?
6
What is the greatest common divisor of 204 and 124434?
6
Calculate the greatest common factor of 522 and 9414.
18
What is the greatest common divisor of 678 and 46158?
6
What is the highest common divisor of 9383 and 55?
11
What is the greatest common divisor of 5968350 and 18?
18
What is the greatest common factor of 17329 and 5031?
559
Calculate the greatest common factor of 4362 and 969.
3
What is the highest common factor of 901846 and 88?
22
Calculate the highest common divisor of 7915 and 515.
5
Calculate the greatest common factor of 51 and 1047183.
51
Calculate the highest common factor of 10710366 and 678.
678
What is the greatest common factor of 225 and 893520?
45
What is the highest common divisor of 16587 and 7081?
97
Calculate the greatest common factor of 10590 and 35610.
30
Calculate the highest common factor of 8 and 4646192.
8
What is the highest common divisor of 24 and 9176?
8
What is the highest common factor of 112 and 4046?
14
Calculate the highest common factor of 1645 and 68355.
35
What is the highest common factor of 43005 and 285?
15
Calculate the highest common factor of 151151 and 308.
77
Calculate the greatest common factor of 567 and 200934.
27
Calculate the highest common factor of 2482 and 2686.
34
Calculate the highest common divisor of 1675 and 2725.
25
Calculate the highest common divisor of 4200975 and 675.
225
Calculate the highest common divisor of 441738 and 45.
9
Calculate the highest common divisor of 1491 and 313607.
497
What is the greatest common factor of 2112500 and 1014?
338
What is the highest common factor of 546500 and 10?
10
Calculate the highest common factor of 10057 and 801.
89
What is the highest common divisor of 275770 and 109?
109
Calculate the greatest common factor of 858 and 652431.
39
What is the highest common factor of 189687 and 1431?
159
What is the highest common factor of 2541 and 777?
21
Calculate the greatest common factor of 177 and 1617249.
177
Calculate the greatest common divisor of 1 and 5.
1
What is the greatest common factor of 1428 and 7?
7
What is the greatest common divisor of 486 and 228168?
18
What is the highest common factor of 87108 and 252?
84
Calculate the highest common divisor of 1027 and 183280.
79
What is the greatest common divisor of 36 and 303138?
18
Calculate the highest common divisor of 7497 and 108.
9
Calculate the highest common factor of 3212 and 657.
73
Calculate the highest common factor of 61380 and 12.
12
What is the greatest common factor of 111603 and 3?
3
Calculate the greatest common divisor of 82 and 952348.
82
Calculate the greatest common divisor of 162 and 439371.
27
Calculate the highest common divisor of 2635532 and 12.
4
Calculate the greatest common factor of 368 and 13225.
23
Calculate the highest common factor of 4371 and 107229.
93
What is the greatest common factor of 20 and 50275?
5
What is the highest common divisor of 17278 and 28362?
326
What is the highest common divisor of 152 and 209038?
38
What is the greatest common factor of 33 and 36806?
11
What is the greatest common divisor of 267956 and 52?
52
Calculate the greatest common divisor of 3648 and 1026.
114
What is the highest common divisor of 270 and 2251800?
270
Calculate the highest common factor of 406587 and 866.
433
Calculate the greatest common divisor of 439700 and 220.
20
What is the highest common factor of 8177 and 15483?
13
Calculate the greatest common factor of 484957 and 55.
11
Calculate the greatest common divisor of 16436 and 224.
28
Calculate the greatest common factor of 71390 and 330.
110
Calculate the highest common divisor of 4 and 185149.
1
What is the highest common factor of 5 and 4545?
5
Calculate the highest common divisor of 12469 and 9773.
337
Calculate the highest common factor of 24277 and 176.
11
Calculate the highest common divisor of 62153 and 133.
7
Calculate the greatest common factor of 2946 and 384.
6
What is the highest common divisor of 85 and 501959?
17
Calculate the highest common factor of 28 and 103852.
28
What is the highest common divisor of 6016 and 80?
16
What is the highest common factor of 555 and 2183?
37
Calculate the highest common divisor of 1342791 and 369.
369
Calculate the greatest common factor of 6762 and 330162.
294
What is the highest com